4 - 43?
-57
In base 6, what is -1 - 13345?
-13350
In base 14, what is 807 + -4?
803
In base 14, what is -7 - -9a?
93
In base 9, what is -5 - 4023?
-4028
In base 4, what is 11231 - 100?
11131
In base 16, what is 3 - 86?
-83
In base 4, what is 11111 + 2?
11113
In base 7, what is -6 - -16?
10
In base 5, what is 11343 + -3?
11340
In base 16, what is 10 - -15?
25
In base 15, what is -5 + -61?
-66
In base 12, what is -80a - -6?
-804
In base 15, what is -b - -2?
-9
In base 16, what is a8d + -7?
a86
In base 4, what is 3 - 23?
-20
In base 13, what is 3 - 22?
-1c
In base 16, what is 188 + 1?
189
In base 14, what is 13a + -1d?
11b
In base 9, what is -218 + 4?
-214
In base 16, what is -2f - -af?
80
In base 14, what is 3 + 5d7?
5da
In base 5, what is 221 - 123?
43
In base 8, what is -16 + 0?
-16
In base 3, what is -10212 - 20211?
-101200
In base 10, what is 5 + 418?
423
In base 14, what is d3 + -9?
c8
In base 2, what is 1100 - 101000?
-11100
In base 9, what is 354 - -8?
363
In base 7, what is 3323 + 2?
3325
In base 13, what is -40 + 0?
-40
In base 16, what is -34 - 1?
-35
In base 10, what is 5 + -49?
-44
In base 16, what is 17a4 - 0?
17a4
In base 12, what is 3 + 5?
8
In base 7, what is 4 - -1131?
1135
In base 2, what is 100 - 11000110010?
-11000101110
In base 2, what is 100 - -11010000?
11010100
In base 6, what is -100 + -41?
-141
In base 15, what is -31 + -3?
-34
In base 10, what is 37 - -3?
40
In base 8, what is -313 + 11?
-302
In base 12, what is 1a02 + -2?
1a00
In base 5, what is 202 - -214?
421
In base 7, what is 1253 - 13?
1240
In base 2, what is -110 + 11110?
11000
In base 16, what is 137 - -10?
147
In base 6, what is -2532 - -4?
-2524
In base 7, what is -34264 - 5?
-34302
In base 3, what is -21 + -211120?
-211211
In base 14, what is 0 - 545?
-545
In base 16, what is -60a - -4?
-606
In base 14, what is 4 - -b?
11
In base 16, what is 5 + -12?
-d
In base 3, what is 1221 - 21?
1200
In base 11, what is -12 - -675?
663
In base 3, what is 12 - 112121?
-112102
In base 10, what is 51 - -2?
53
In base 11, what is 4a - -5?
54
In base 16, what is 3 + -99?
-96
In base 3, what is 1202 + 0?
1202
In base 13, what is 5 + -27?
-22
In base 14, what is -15 - -8?
-b
In base 8, what is -17 + 107?
70
In base 8, what is -14 - 27?
-43
In base 3, what is 0 - -20010?
20010
In base 14, what is 2 - 94?
-92
In base 8, what is -3106 - 2?
-3110
In base 8, what is -12052 + 4?
-12046
In base 12, what is -b7 - -4?
-b3
In base 9, what is 23216 + -5?
23211
In base 3, what is 1011 + 222?
2010
In base 7, what is 45514 + -5?
45506
In base 10, what is -2 + -151?
-153
In base 2, what is 11010011 - 100?
11001111
In base 10, what is 324 + 13?
337
In base 14, what is -2a - 9?
-35
In base 14, what is 1 - -23?
24
In base 14, what is 10 - -1?
11
In base 4, what is -1102 - -2110?
1002
In base 3, what is -1 - -20020?
20012
In base 16, what is -190d - -4?
-1909
In base 5, what is -2330 - -2?
-2323
In base 7, what is 4 + -264?
-260
In base 3, what is 11 - -10221?
11002
In base 7, what is 26 - 1346?
-1320
In base 10, what is 952 - 3?
949
In base 6, what is -1 + -334?
-335
In base 13, what is 0 + -297?
-297
In base 5, what is -10 + 2131?
2121
In base 7, what is -1 - 22?
-23
In base 11, what is 217 - 2?
215
In base 15, what is -a46 + -1?
-a47
In base 4, what is -1131 + 1030?
-101
In base 12, what is -240 - -3?
-239
In base 11, what is -338 - -6?
-332
In base 6, what is -2 + 30013?
30011
In base 7, what is -425 - -5?
-420
In base 13, what is 7 - 506?
-4cc
In base 16, what is 4 + 25?
29
In base 10, what is -2229 + -1?
-2230
In base 15, what is 26 + -16?
10
In base 2, what is -10000010 + 101?
-1111101
In base 10, what is 4 + -4?
0
In base 12, what is 2b2 - -6?
2b8
In base 2, what is 101110111 - -101?
101111100
In base 7, what is -5 + -4?
-12
In base 12, what is -3 - 179?
-180
In base 12, what is 582 - 5?
579
In base 13, what is -aa4 + 3?
-aa1
In base 9, what is -78 + 3?
-75
In base 11, what is 2 - 5243?
-5241
In base 6, what is 0 + 15401?
15401
In base 14, what is -4 + -74?
-78
In base 9, what is 100274 + 2?
100276
In base 5, what is -1214 + 3?
-1211
In base 13, what is -7b - 5?
-83
In base 16, what is -b6 + -1?
-b7
In base 3, what is 11 - -1112111?
1112122
In base 6, what is -4 + 10?
2
In base 16, what is c70 + 4?
c74
In base 5, what is 1431 + 4?
1440
In base 4, what is -31213 - -1?
-31212
In base 7, what is 11431 + 1?
11432
In base 5, what is -10 - -2232?
2222
In base 11, what is 1 - -230?
231
In base 8, what is -243 - -4?
-237
In base 8, what is 12 - 32?
-20
In base 6, what is 34 - 12?
22
In base 7, what is -4061 + -5?
-4066
In base 7, what is 41 - -3?
44
In base 4, what is 121 + -11?
110
In base 9, what is 17 + -2?
15
In base 3, what is 100 + -1201220?
-1201120
In base 13, what is 6 + 402?
408
In base 15, what is -6d + 105?
87
In base 6, what is 122441 + 5?
122450
In base 16, what is 79d + -2?
79b
In base 10, what is 2837 - 2?
2835
In base 7, what is 2 - 4?
-2
In base 14, what is 4 - 6da?
-6d6
In base 7, what is -43 - -2400?
2324
In base 5, what is -3332 + -4?
-3341
In base 6, what is 3 - -1053?
1100
In base 9, what is -331 + 4?
-326
In base 2, what is 101 - -1?
110
In base 13, what is -4 - -435?
431
In base 15, what is 14 + -95?
-81
In base 14, what is 0 - -2c?
2c
In base 7, what is 6 - -20?
26
In base 15, what is 610 - 7?
608
In base 8, what is 63 + -177?
-114
In base 14, what is 4 - 46c?
-468
In base 8, what is 1 - 132?
-131
In base 11, what is 88 - 0?
88
In base 6, what is -4 + 10?
2
In base 10, what is 3 - -171?
174
In base 6, what is 11310 + 3?
11313
In base 4, what is -11 + -3202?
-3213
In base 5, what is -23 - -321?
243
In base 16, what is 1 + -9d?
-9c
In base 5, what is 1231 - 1?
1230
In base 10, what is 3782 + -1?
3781
In base 13, what is -1 + 35?
34
In base 5, what is -11 + -1102?
-1113
In base 8, what is -5 + 127?
122
In base 10, what is -1 + -3124?
-3125
In base 3, what is 0 - 200?
-200
In base 8, what is -37 - 3?
-42
In base 4, what is 221222 + -1?
221221
In base 5, what is -1002 - 10?
-1012
In base 7, what is 42 - 1205?
-1133
In base 6, what is 23 - 1?
22
In base 13, what is -11 + 17?
6
In base 10, what is -1 + -39?
-40
In base 14, what is 53 - -2?
55
In base 16, what is -1 + -7a?
-7b
In base 8, what is -1241 - 1?
-1242
In base 14, what is 4 + -213?
-20d
In base 10, what is 2 + -323?
-321
In base 14, what is 2 - -75d?
761
In base 8, what is -1161 + 2?
-1157
In base 12, what is -b46 - -2?
-b44
In base 7, what is -52 - -60?
5
In base 9, what is 47384 - 3?
47381
In base 8, what is -5 + 6710?
6703
In base 2, what is 1110 + -1101110010?
-1101100100
In base 15, what is 1 - 29?
-28
In base 9, what is 5 - -41?
46
In base 7, what is 14611 - 2?
14606
In base 6, what is -1434 - -1?
-1433
In base 2, what is -110010101 + 111?
-110001110
In base 12, what is 0 - 4a?
-4a
In base 10, what is -17 + -355?
-372
In base 11, what is 6 - 6a?
-64
In base 12, what is 1433 - -5?
1438
In base 7, what is 3 - 5?
-2
In base 5, what is 132 + -30?
102
In base 5, what is -3 - -2321?
2313
In base 14, what is -1 + -1b?
-1c
In base 8, what is 14 - 722?
-706
In base 6, what is -3 + 13332?
13325
In base 11, what is -4 - 4096?
-409a
In base 7, what is 3260 - -1?
3261
In base 12, what is 8 - 17?
-b
In base 10, what is 17 - 170?
-153
In base 13, what is 18ba - 1?
18b9
In base 9, what is 1 + -157?
-156
In base 15, what is -3 + 11d2?
11ce
In base 9, what is 10 - 26?
-16
In base 16, what is 1b + -46?
-2b
In base 16, what is -4 - 404?
-408
In base 10, what is -77 - 61?
-138
In base 3, what is 1 + -20012?
-20011
In base 9, what is -5 - -66?
61
In base 13, what is -2 - -13?
11
In base 7, what is 55 - -44?
132
In base 9, what is 215 - -7?
223
In base 12, what is -2 - -1b?
19
In base 10, what is 640 - 0?
640
In base 3, what is -212 - -122212?
122000
In base 4, what is 32 - 101312?
-101220
In base 6, what is 2 - 144?
-142
In base 14, what is 2d + 2?
31
In base 13, what is -5a2 + 0?
-5a2
In base 5, what is -341 + -14?
-410
In base 14, what is -9478 - -5?
-9473
In base 13, what is -8 - -37?
2c
In base 12, what is -5 - -1a18?
1a13
In base 4, what is -232 + -1031?
-1323
In base 16, what is 91c - 2?
91a
In base 9, what is -14 - -11?
-3
In base 7, what is -2 + -13110?
-13112
In base 13, what is 0 + -27?
-27
In base 8, what is -2603 - -5